{"id":985,"date":"2019-04-02T10:19:33","date_gmt":"2019-04-02T10:19:33","guid":{"rendered":"http:\/\/klimaandmore.de\/?page_id=985"},"modified":"2019-04-16T09:11:07","modified_gmt":"2019-04-16T09:11:07","slug":"schulen-berichten","status":"publish","type":"page","link":"https:\/\/klimaandmore.de\/?page_id=985","title":{"rendered":"Schulen berichten"},"content":{"rendered":"\n<p>In diesem Bereich sammeln wir individuellen Erfahrungen und Erfolge von <strong>Schulen<\/strong>. Schreibt uns einfach eine E-Mail (susanne.kuehl@klimaandmore.de) und wir stellen Eure Texte hier online. Wir freuen uns auf Eure Beitr\u00e4ge &#8211; jeder ist klasse und wichtig! <\/p>\n\n\n\n<p><strong>Ludwig-Uhland-Schule<\/strong><\/p>\n\n\n\n<div class=\"wp-block-image\"><figure class=\"aligncenter is-resized\"><img decoding=\"async\" loading=\"lazy\" src=\"https:\/\/klimaandmore.de\/wp-content\/uploads\/2019\/04\/LUS-1-1024x598.png\" alt=\"\" class=\"wp-image-992\" width=\"228\" height=\"133\" srcset=\"https:\/\/klimaandmore.de\/wp-content\/uploads\/2019\/04\/LUS-1-1024x598.png 1024w, https:\/\/klimaandmore.de\/wp-content\/uploads\/2019\/04\/LUS-1-300x175.png 300w, https:\/\/klimaandmore.de\/wp-content\/uploads\/2019\/04\/LUS-1-768x449.png 768w\" sizes=\"(max-width: 228px) 100vw, 228px\" \/><\/figure><\/div>\n\n\n\n<p>Im M\u00e4rz haben unsere 109 <a href=\"http:\/\/www.l-u-s-blaustein.de\">Ludwig-Uhland<\/a>-Sch\u00fcler*innen an der Putzete Aktion (M\u00fcllsammelaktion) der Stadt Blaustein teilgenommen. Im jeweiligen Klassenverband haben die Kinder im Bereich der Schule, beim Marktplatz, beim Bad Blau und um die Lixsporthalle die Natur von Unrat befreit, den sie in 15 randvollen M\u00fclls\u00e4cken gesammelt haben. Mit Best\u00fcrzung haben wir festgestellt, was alles weggeworfen wird. Dies kann in den Berichten der Kinder in den nachfolgenden Texten nachgelesen werden. Herzliche Gr\u00fc\u00dfe Ursula Wieder, Schulleitung&nbsp;<\/p>\n\n\n\n<p><strong>Daniel:&nbsp;<\/strong>Wie sch\u00fctzen wir unsere Umwelt?&nbsp;Ein gro\u00dfes Problem, das wir haben, ist der CO<sub>2<\/sub>Aussto\u00df. CO<sub>2<\/sub>befindet sich in Autoabgasen. CO<sub>2<\/sub>ist mitverantwortlich f\u00fcr die Erderw\u00e4rmung. Dadurch steigt der Meeresspiegel. Deswegen m\u00fcssen viele Menschen ihre Heimat verlassen, weil die K\u00fcsten \u00fcberschwemmt werden. Deswegen hoffe ich, dass weniger mit Benzin und Diesel angetriebene Autos gefahren werden.<\/p>\n\n\n\n<p><strong>Franzi:&nbsp;<\/strong>Die Umweltsch\u00fctzer. Lisa und Tim sind Geschwister. Mit ihrem Opa machen sie einen Spaziergang durch ihr Wohngebiet. Unterwegs sehen sie ganz viel M\u00fcll. Pl\u00f6tzlich hat Lisa eine Idee: \u201eWir k\u00f6nnen in unserer Schule Zettel aufh\u00e4ngen und fragen, ob jemand am Wochenende Zeit hat, in unserem Wohngebiet M\u00fcll zu sammeln.\u201c Tim findet die Idee gut. Gesagt, getan! Endlich ist es Wochenende und es kommen viel mehr Kinder als Lisa gedacht hat.&nbsp;&nbsp;25 Kinder sind mit Handschuhen und blauen S\u00e4cken gekommen, um M\u00fcll zu sammeln. Der Opa hilft Lisa und Tim, die Kinder in Gruppen aufzuteilen, so dass das ganze Wohngebiet vom M\u00fcll befreit wird und nicht nur ein bestimmter Spielplatz. Alle arbeiten sehr eifrig und finden teilweise sogar Pfandflaschen, f\u00fcr die sie noch Geld bekommen. Au\u00dferdem finden sie eine Menge Plastikm\u00fcll und achtlos weggeworfene Zigarettenstummel. Als sich die Kinder nach 3 Stunden Arbeit wieder treffen, haben sie so viel M\u00fcll gesammelt, dass alle erstaunt sind. F\u00fcr die Kinder hat sich die Arbeit gelohnt. Alle bekommen Brezeln und Getr\u00e4nke, soviel sie wollen. Au\u00dferdem freuen sich nun alle, dass sie ein sauberes Wohngebiet haben, in dem sie \u00fcberall spielen k\u00f6nnen, wo sie wollen.<\/p>\n\n\n\n<p><strong>Julian:<\/strong> Am Donnerstag hat meine Klasse der LUS M\u00fcll in Blaustein eingesammelt. Ausgestattet mit M\u00fcllt\u00fcten, Zangen und Einweghandschuhen machten wir uns auf den Weg Richtung Bad Blau. &nbsp;Wir haben Redbull Dosen gefunden und sogar eine Chipspackung mit verfaultem Brot und Knochen entdeckt. Wir fanden sogar Klamotten, aber es gab auch Zigarettenschachteln. Im Geb\u00fcsch fanden wir auch eine wahrscheinlich 9kg schwere Zeitung. Wir sammelten 2h lang M\u00fcll. Das hat sehr viel Spa\u00df gemacht.<\/p>\n\n\n\n<p><strong>Katerina:&nbsp;<\/strong>Auf unserer Welt gibt es viele sch\u00e4dliche Abgase. Deswegen w\u00fcrde ich insgesamt weniger Autofahren, zum Beispiel: ich w\u00fcrde so oft es geht mit dem Fahrrad statt mit dem Auto in die Schule fahren, da das Auto CO<sub>2<\/sub>Abgase ausst\u00f6\u00dft. Ich w\u00fcrde weniger Milch und Fleisch essen, weil die Tiere durchs Pupsen Methan Abgase aussto\u00dfen, und der ist f\u00fcnffach so gef\u00e4hrlich wie CO<sub>2<\/sub>! Deswegen bitte ich euch, weniger Auto zu fahren, weniger Milch und Fleisch zu essen und keinen M\u00fcll mehr in die Natur zu werfen!<\/p>\n\n\n\n<p><strong>Lena:\u00a0<\/strong>Meine M\u00fcllgeschichte. Amelie, Lisa und Nina sind Freunde. Alle gehen in dieselbe Schule. Wenn die Schule zu Ende ist, gehen Sie immer zu Nina nach Hause. Dort machen sie wichtige Sachen f\u00fcr ihren Umweltclub. Sie reiten danach fast immer mit ihren Pferden aus. Amelies Schneeflocken ist ganz wei\u00df. Lisas Pferd hei\u00dft Beauty und ist ganz schwarz und Ninas Pferd hei\u00dft Lilly und ist ein Rappschecke. Eines Tages ritten alle zusammen aus. Und sie sahen wie viel M\u00fcll \u00fcberall lag. Sie beschlossen, gleich hier M\u00fcll zu sammeln. Sie holten ihre M\u00fclls\u00e4cke und sammelten alles auf, was sie fanden. Aber Amelie bemerkte, dass es wie eine Spur gelegt war. Sie rief: \u201eKommt, wir folgen der Spur.\u201c Das machten sie auch und sie kamen zu einem See, wo ein Laster daneben fuhr. Alle sahen, dass er M\u00fcll verlor. Sie gingen zu ihm hin und klopften an. Der Fahrer stieg aus und entschuldigte sich, dass er den ganzen M\u00fcll verloren hatte. Er erkl\u00e4rte ihnen, dass er eigentlich den M\u00fcll auf die M\u00fclldeponie bringen wollte. Sie verstanden ihn. Und er versprach ihnen, dass er ihnen helfen wird mit ihren M\u00fcllplakaten. Nach drei Tagen waren sie fertig und h\u00e4ngten sie \u00fcberall auf. Und von nun an hofften sie, dass die Menschen nicht mehr so viel M\u00fcll in die Natur werfen werden.<\/p>\n\n\n\n<p><strong>Lorenz:\u00a0<\/strong>M\u00fcll. Am Donnerstag haben wir M\u00fcll gesammelt. Karen und ich haben 27 vollgekakte Windeln gefunden.\u00a0\u00a0Dann noch: Klamotten, Autokarten und Styropor. Die ganze Aktion hat sehr viel Spa\u00df gemacht.<\/p>\n\n\n\n<p><strong>Mateo: <\/strong><\/p>\n\n\n\n<ol><li>Es w\u00e4re super, wenn die Menschen nicht mehr so viele Abgase in die Luft pusten. Das schadet uns Menschen, Tieren und B\u00e4umen. Leider werden immer mehr B\u00e4ume gef\u00e4llt, vor allem der Regenwald.<\/li><li>Wie w\u00e4re es, wenn die L\u00e4nder Geld f\u00fcr die Weltallfahrzeuge investieren, um den ganzen herumschwebenden M\u00fcll von den Satelliten, Raumstationen usw. einzusammen?<\/li><li>Wir Menschen produzieren tonnenweise M\u00fcll, wovon wiederum viel zu viel im Meer landet. Die schadet den Meeresbewohnern, den Meerespflanzen und damit aich wieder uns Menschen. Wir brauchen Umweltboote, die diesen ganzen Abfall einsammeln und es darf kein neuer M\u00fcll mehr in die Meere gekippt werden. Weil wir zu viel Fische essen, werden wir bald keine mehr haben, wenn wir so weitermachen.<\/li><li>Leider haben Tiere kein so tolles Leben wie wir Menschen. Sie werden schlecht behandelt, indem sie eingepfercht in engen St\u00e4llen leben m\u00fcssen. Tiere sollten ein Recht haben auf Platz, frische Luft und frisches Futter. Tiere bekommen oft Kraftfutter, mit dem sie schnell wachsen oder lange als Milchk\u00fche leben m\u00fcssen. Wenn eine Kuh keine Milch mehr geben kann, wird sie sofort zum Schlachthof gebracht. Leider werden auch andere Tiere schlecht behandelt. Manchmal wird sogar Tieren lebendig das Fell vom K\u00f6rper gezogen, um das Fell f\u00fcr Taschen oder Kleidung zu verwenden. Der Mensch sollte daf\u00fcr keine Tiere t\u00f6ten.\u00a0<\/li><li>Wir Menschen werden lernen m\u00fcssen, auf mehr zu verzichten wie z.B. auf Fleisch, Fisch, Plastik, Auto, auf immer mehr zu wollen&#8230;.<\/li><\/ol>\n\n\n\n<p><strong>Niki:&nbsp;<\/strong>Die M\u00fcllsammlung. An einem Samstagnachmittag gingen Tom und Lisa M\u00fcll sammeln, denn sie wollten etwas Gutes f\u00fcr die Natur machen. Unterwegs fanden sie eine Coladose und einen kaputten Stuhl und noch ganz viel anderes. Auf einmal rief Tom: \u201eDa hinten ist ein altes Portmonee!\u201c Tats\u00e4chlich, es lag ein Portmonee mitten im Geb\u00fcsch. Die Kinder rannten dort hin. In dem Portmonee waren noch 50 Euro. Als sie das Portmonee in den M\u00fcllsack packten, \u00fcberlegten sie, was sie mit dem Portmonee machen sollten. Da meinte Lisa: \u201eWir bringen das Portmonee mit den 50 Euro in das Fundb\u00fcro.\u201c Sie bekamen 25 Euro Finderlohn. So haben sie einen ganzen Sack voller M\u00fcll gef\u00fcllt und sogar eine Belohnung bekommen.<\/p>\n\n\n\n<p><strong>Mia:&nbsp;<\/strong>Das w\u00fcrde ich f\u00fcr die Umwelt tun. Wenn ich Politikerin w\u00e4re, w\u00fcrde ich daf\u00fcr sorgen, dass es mehr strombetriebene Autos gibt, damit bald jeder so ein Auto hat. Um sich ein solches Auto leisten zu k\u00f6nnen, w\u00fcrde ich daf\u00fcr sorgen, dass die Preise nicht so hoch sind, weil sie im Moment noch zu teuer sind. Wenn jeder so ein Auto besitzen w\u00fcrde, m\u00fcsste es auch mehr auf Ladestationen f\u00fcr strombetriebene Autos geben. Nat\u00fcrlich geht das nicht so einfach, weil wir auch daf\u00fcr sorgen m\u00fcssen, dass zum Beispiel die Batterien recycelt werden k\u00f6nnen. Aber ich hoffe, es kommt irgendwann dazu, dass alle ein umweltfreundliches Auto haben und weniger CO<sub>2<\/sub>in die Luft gesto\u00dfen wird.<\/p>\n\n\n\n<p><strong>Mia:&nbsp;<\/strong>Die M\u00fcllgeschichte. Hallo, ich bin der kleine Vogel. Immer, wenn ich morgens auf meinen Baum fliege, sehe ich Menschen, die ihren M\u00fcll auf die Stra\u00dfe werfen. Und manchmal kann ich es gar nicht glauben: gleich neben den Menschen steht ein M\u00fclleimer. Aber sie werfen es einfach in den See! Das verstehe ich nicht. Ich liebe die Natur, aber wenn ich rumfliege, sehe ich nichts mehr au\u00dfer M\u00fcll. Eine T\u00fcte hier, eine T\u00fcte dort. Sogar ein Fahrradschloss habe ich mal gesehen. Aber ich sehe immer wieder Kinder, die in Scharen kommen und den M\u00fcll aufsammeln. Es macht sehr viel Spa\u00df, den Kindern zuzuschauen. Weil sie meinen Lebensraum sauber halten.<\/p>\n\n\n\n<p><strong>Moritz:&nbsp;<\/strong>Das M\u00fcllsammeln. Am Donnerstag waren die Klassen 4B und 4A M\u00fcll sammeln. Es war sehr kalt. Wir sind am Bachlauf vorbeigelaufen. Wir haben sehr viel M\u00fcll gefunden. Am Ende hatten wir f\u00fcnf ganze M\u00fclls\u00e4cke voller M\u00fcll.<\/p>\n\n\n\n<p><strong>Raphael:&nbsp;<\/strong>Die M\u00fcllsammlung. Wie in jedem Jahr fand am Donnerstag den 14.3.2019 unsere M\u00fcllsammelaktion statt. Zusammen mit der Klasse 4a machten wir uns auf den Weg, Blaustein etwas sauberer zu machen. Wir sammelten 3,5 gro\u00dfe S\u00e4cke M\u00fcll ein. Unglaublich war, dass wir sogar einen Stuhl und einige Kleidungsst\u00fccke fanden. Ich finde es gut, dass wir so einen Beitrag f\u00fcr eine saubere Stadt und Umwelt leisten k\u00f6nnen. Besser w\u00e4re nat\u00fcrlich, jeder w\u00fcrde seinen M\u00fcll ordnungsgem\u00e4\u00df entsorgen.<\/p>\n","protected":false},"excerpt":{"rendered":"<p>In diesem Bereich sammeln wir individuellen Erfahrungen und Erfolge von Schulen. Schreibt uns einfach eine E-Mail (susanne.kuehl@klimaandmore.de) und wir stellen Eure Texte hier online. Wir freuen uns auf Eure Beitr\u00e4ge &#8211; jeder ist klasse und wichtig! Ludwig-Uhland-Schule Im M\u00e4rz haben unsere 109 Ludwig-Uhland-Sch\u00fcler*innen an der Putzete Aktion (M\u00fcllsammelaktion) der Stadt Blaustein teilgenommen. Im jeweiligen Klassenverband &hellip; <\/p>\n<p class=\"link-more\"><a href=\"https:\/\/klimaandmore.de\/?page_id=985\" class=\"more-link\"><span class=\"screen-reader-text\">\u201eSchulen berichten\u201c<\/span> weiterlesen<\/a><\/p>\n","protected":false},"author":4,"featured_media":0,"parent":0,"menu_order":0,"comment_status":"closed","ping_status":"closed","template":"","meta":{"spay_email":""},"jetpack_sharing_enabled":true,"jetpack_shortlink":"https:\/\/wp.me\/PaMwRu-fT","_links":{"self":[{"href":"https:\/\/klimaandmore.de\/index.php?rest_route=\/wp\/v2\/pages\/985"}],"collection":[{"href":"https:\/\/klimaandmore.de\/index.php?rest_route=\/wp\/v2\/pages"}],"about":[{"href":"https:\/\/klimaandmore.de\/index.php?rest_route=\/wp\/v2\/types\/page"}],"author":[{"embeddable":true,"href":"https:\/\/klimaandmore.de\/index.php?rest_route=\/wp\/v2\/users\/4"}],"replies":[{"embeddable":true,"href":"https:\/\/klimaandmore.de\/index.php?rest_route=%2Fwp%2Fv2%2Fcomments&post=985"}],"version-history":[{"count":16,"href":"https:\/\/klimaandmore.de\/index.php?rest_route=\/wp\/v2\/pages\/985\/revisions"}],"predecessor-version":[{"id":1204,"href":"https:\/\/klimaandmore.de\/index.php?rest_route=\/wp\/v2\/pages\/985\/revisions\/1204"}],"wp:attachment":[{"href":"https:\/\/klimaandmore.de\/index.php?rest_route=%2Fwp%2Fv2%2Fmedia&parent=985"}],"curies":[{"name":"wp","href":"https:\/\/api.w.org\/{rel}","templated":true}]}}